{"id":165,"date":"2016-04-22T00:49:28","date_gmt":"2016-04-21T22:49:28","guid":{"rendered":"http:\/\/vivesweb.be\/totaleknieprothese\/?page_id=165"},"modified":"2016-04-29T13:28:07","modified_gmt":"2016-04-29T11:28:07","slug":"tweede-fase-voorbereiding","status":"publish","type":"page","link":"https:\/\/vivesweb.be\/totaleknieprothese\/tweede-fase-voorbereiding\/","title":{"rendered":""},"content":{"rendered":"<h3><span style=\"color: #e82e2e\"><em>5.2 Tweede fase van de voorbereiding<\/em><\/span><\/h3>\n<p>Na enige tijd komt de verpleegkundige terug om de rest van de voorbereiding te doorlopen.<\/p>\n<ul>\n<li>Voorbereiding van de <strong>operatiestreek<\/strong>: deze wordt geschoren, ontvet met ether en ontsmet met iso-Betadine\u00ae.<\/li>\n<li>Mogelijks wordt er \u00e9\u00e9n tube <strong>bloed afgenomen<\/strong> om uw bloedgroep te verifi\u00ebren.<\/li>\n<li>Hierop volgt het plaatsen van een <strong>katheter met infuus<\/strong>. Deze blijft gedurende de eerste twee dagen van uw verblijf ter plaatse. Via het infuus wordt er antibiotica en pijnmedicatie gegeven.<br \/>\n<div class=\"su-spoiler su-spoiler-style-default su-spoiler-icon-plus su-spoiler-closed\" data-scroll-offset=\"0\" data-anchor-in-url=\"no\"><div class=\"su-spoiler-title\" tabindex=\"0\" role=\"button\"><span class=\"su-spoiler-icon\"><\/span>Foto: Katheter met infuus<\/div><div class=\"su-spoiler-content su-u-clearfix su-u-trim\"><img loading=\"lazy\" decoding=\"async\" class=\"alignnone wp-image-437\" src=\"https:\/\/vivesweb.be\/totaleknieprothese\/wp-content\/uploads\/sites\/32\/2016\/04\/shutterstock_148251833.jpg\" alt=\"shutterstock_148251833\" width=\"269\" height=\"401\" srcset=\"https:\/\/vivesweb.be\/totaleknieprothese\/wp-content\/uploads\/sites\/32\/2016\/04\/shutterstock_148251833.jpg 671w, https:\/\/vivesweb.be\/totaleknieprothese\/wp-content\/uploads\/sites\/32\/2016\/04\/shutterstock_148251833-201x300.jpg 201w\" sizes=\"auto, (max-width: 269px) 100vw, 269px\" \/><\/div><\/div><\/li>\n<li>Als laatste krijgt u een <strong>Temesta\u00ae.<\/strong>\u00a0Dit is een kalmeringsmiddel dat ervoor zorgt dat u rustig de procedure kunt ondergaan. Eens u dat medicament heeft ingenomen, mag u niet meer alleen rechtstaan.<\/li>\n<\/ul>\n<div class=\"su-spoiler su-spoiler-style-default su-spoiler-icon-plus su-spoiler-closed\" data-scroll-offset=\"0\" data-anchor-in-url=\"no\"><div class=\"su-spoiler-title\" tabindex=\"0\" role=\"button\"><span class=\"su-spoiler-icon\"><\/span>Film: Bloedafname en plaatsen van katheter met infuus<\/div><div class=\"su-spoiler-content su-u-clearfix su-u-trim\">\n<p>https:\/\/www.youtube.com\/watch?v=OzEszr-LsXM<\/p>\n<\/div><\/div>\n<a href=\"http:\/\/eerste-fase-voorbereiding\" class=\"su-button su-button-style-default\" style=\"color:#FFFFFF;background-color:#2D89EF;border-color:#246ec0;border-radius:5px\" target=\"_self\"><span style=\"color:#FFFFFF;padding:0px 16px;font-size:13px;line-height:26px;border-color:#6cadf4;border-radius:5px;text-shadow:none\"> Vorige<\/span><\/a>\u00a0<a href=\"http:\/\/ingreep\" class=\"su-button su-button-style-default\" style=\"color:#FFFFFF;background-color:#2D89EF;border-color:#246ec0;border-radius:5px\" target=\"_self\"><span style=\"color:#FFFFFF;padding:0px 16px;font-size:13px;line-height:26px;border-color:#6cadf4;border-radius:5px;text-shadow:none\"> Volgende<\/span><\/a>\n","protected":false},"excerpt":{"rendered":"<p>5.2 Tweede fase van de voorbereiding Na enige tijd komt de verpleegkundige terug om de rest van de voorbereiding te doorlopen. Voorbereiding van de operatiestreek: deze wordt geschoren, ontvet met ether en ontsmet met iso-Betadine\u00ae. Mogelijks wordt er \u00e9\u00e9n tube bloed afgenomen om uw bloedgroep te verifi\u00ebren. Hierop volgt het plaatsen van een katheter met [&hellip;]<\/p>\n","protected":false},"author":53,"featured_media":0,"parent":0,"menu_order":0,"comment_status":"closed","ping_status":"closed","template":"","meta":{"footnotes":""},"categories":[],"tags":[],"class_list":["post-165","page","type-page","status-publish","hentry"],"_links":{"self":[{"href":"https:\/\/vivesweb.be\/totaleknieprothese\/wp-json\/wp\/v2\/pages\/165","targetHints":{"allow":["GET"]}}],"collection":[{"href":"https:\/\/vivesweb.be\/totaleknieprothese\/wp-json\/wp\/v2\/pages"}],"about":[{"href":"https:\/\/vivesweb.be\/totaleknieprothese\/wp-json\/wp\/v2\/types\/page"}],"author":[{"embeddable":true,"href":"https:\/\/vivesweb.be\/totaleknieprothese\/wp-json\/wp\/v2\/users\/53"}],"replies":[{"embeddable":true,"href":"https:\/\/vivesweb.be\/totaleknieprothese\/wp-json\/wp\/v2\/comments?post=165"}],"version-history":[{"count":25,"href":"https:\/\/vivesweb.be\/totaleknieprothese\/wp-json\/wp\/v2\/pages\/165\/revisions"}],"predecessor-version":[{"id":577,"href":"https:\/\/vivesweb.be\/totaleknieprothese\/wp-json\/wp\/v2\/pages\/165\/revisions\/577"}],"wp:attachment":[{"href":"https:\/\/vivesweb.be\/totaleknieprothese\/wp-json\/wp\/v2\/media?parent=165"}],"wp:term":[{"taxonomy":"category","embeddable":true,"href":"https:\/\/vivesweb.be\/totaleknieprothese\/wp-json\/wp\/v2\/categories?post=165"},{"taxonomy":"post_tag","embeddable":true,"href":"https:\/\/vivesweb.be\/totaleknieprothese\/wp-json\/wp\/v2\/tags?post=165"}],"curies":[{"name":"wp","href":"https:\/\/api.w.org\/{rel}","templated":true}]}}